{"id":390,"date":"2024-03-28T16:56:16","date_gmt":"2024-03-28T16:56:16","guid":{"rendered":"https:\/\/cuartocompacto.com\/?post_type=product&#038;p=390"},"modified":"2024-04-02T14:26:18","modified_gmt":"2024-04-02T14:26:18","slug":"buro-escritorio-atenea","status":"publish","type":"product","link":"https:\/\/cuartocompacto.com\/index.php\/product\/buro-escritorio-atenea\/","title":{"rendered":"Buro Escritorio Atenea"},"content":{"rendered":"<p>Este bur\u00f3 escritorio multifuncional fue dise\u00f1ado para que puedas trabajar o estudiar en tu cuarto sin que nadie te moleste y tambi\u00e9n reducir espacios. Podr\u00e1s trabajar desde tu cama o colocando una silla. Su incre\u00edble dise\u00f1o minimalista te sorprender\u00e1. Para qu\u00e9 tener un escritorio en tu cuarto que te quita espacio, cuando puedes tener un bur\u00f3 de cama que se convierta en un escritorio solo cuando t\u00fa quieras. Cuenta con un multi contacto integrado para que puedas conectar tu laptop, celular, etc y as\u00ed trabajes sin preocupaciones. Tambi\u00e9n cuenta con un caj\u00f3n abierto para guardar tu laptop y otro cerrado para guardar las cosas que quieras tener a la mano, sin tener que abrir el escritorio. Adem\u00e1s, en ese mismo caj\u00f3n, hay un caj\u00f3n oculto para que guardes tus cosas m\u00e1s preciadas. Muchas funciones en un mismo bur\u00f3.<\/p>\n","protected":false},"excerpt":{"rendered":"<p><!DOCTYPE html><br \/>\n<html lang=\"es\"><br \/>\n<head><br \/>\n<meta charset=\"UTF-8\"><br \/>\n<title>Secci\u00f3n FAQ Simple<\/title><\/p>\n<style>\n  .faq-container {\n    max-width: 600px;\n    margin: 0 auto;\n  }\n  .question {\n    background-color: #f4f4f4;\n    padding: 10px;\n    margin-bottom: 5px;\n    cursor: pointer;\n  }\n  .answer {\n    display: none;\n    padding: 10px;\n    font-size: 80%;\n  }\n  .answer.visible {\n    display: block;\n  }\n<\/style>\n<p><\/head><br \/>\n<body><\/p>\n<div class=\"faq-container\">\n<div class=\"question\">\u00bfC\u00f3mo puedo limpiar el bur\u00f3?<\/div>\n<div class=\"answer\">Con un pa\u00f1uelo humedecido en agua y con jab\u00f3n l\u00edquido poco agresivo, evitar poner grandes cantidades de agua, ya que podr\u00eda perjudicar el aglomerado. Con un trapo seco, limpia los restos de agua. No utilices ceras ni aerosoles. Uno de los productos que mejor resultado da para limpiar los muebles de melamina son los limpia cristales o los antigrasa, ya que no hacen que el mueble pierda brillo ni color.<\/div>\n<div class=\"question\">\u00bfLe puede dar el sol directamente?<\/div>\n<div class=\"answer\">No es recomendable, ya que el sol puede deteriorar el color del mueble.<\/div>\n<div class=\"question\">\u00bfSe puede mojar?<\/div>\n<div class=\"answer\">Resiste a ligeras salpicaduras o derrames de agua, siempre y cuando se limpie en ese momento. Debes de tener cuidado con no mojar el multicontacto que trae integrado para evitar un cortocircuito.<\/div>\n<div class=\"question\">\u00bfTiene garant\u00eda?<\/div>\n<div class=\"answer\">Tiene una garant\u00eda de 30 d\u00edas por alg\u00fan desperfecto inicial u oculto, revisa nuestros <a href=\"https:\/\/cuartocompacto.com\/index.php\/privacy-policy\/\" target=\"_blank\" rel=\"noopener\" style=\"color: blue;\"> t\u00e9rminos y condiciones.<\/a>\n<\/div>\n<\/div>\n<p><script>\ndocument.addEventListener('DOMContentLoaded', () => {\n  document.querySelectorAll('.question').forEach(question => {\n    question.addEventListener('click', () => {\n      question.nextElementSibling.classList.toggle('visible');\n    });\n  });\n});\n<\/script><\/p>\n<p><\/body><br \/>\n<\/html><\/p>\n","protected":false},"featured_media":0,"comment_status":"closed","ping_status":"closed","template":"","meta":[],"product_cat":[15],"product_tag":[],"_links":{"self":[{"href":"https:\/\/cuartocompacto.com\/index.php\/wp-json\/wp\/v2\/product\/390"}],"collection":[{"href":"https:\/\/cuartocompacto.com\/index.php\/wp-json\/wp\/v2\/product"}],"about":[{"href":"https:\/\/cuartocompacto.com\/index.php\/wp-json\/wp\/v2\/types\/product"}],"replies":[{"embeddable":true,"href":"https:\/\/cuartocompacto.com\/index.php\/wp-json\/wp\/v2\/comments?post=390"}],"wp:attachment":[{"href":"https:\/\/cuartocompacto.com\/index.php\/wp-json\/wp\/v2\/media?parent=390"}],"wp:term":[{"taxonomy":"product_cat","embeddable":true,"href":"https:\/\/cuartocompacto.com\/index.php\/wp-json\/wp\/v2\/product_cat?post=390"},{"taxonomy":"product_tag","embeddable":true,"href":"https:\/\/cuartocompacto.com\/index.php\/wp-json\/wp\/v2\/product_tag?post=390"}],"curies":[{"name":"wp","href":"https:\/\/api.w.org\/{rel}","templated":true}]}}